Suppose -2*v - 5*x + r - 3 = 0, 6 = -3*x. List the prime factors of v.
2, 11
Suppose 680 = 3*t + 2*t. Suppose -2*h - 2*h + t = 0. What are the prime factors of h?
2, 17
Let p = 42 + -61. Let q = p - -11. Let z(r) = -r - 2. What are the prime factors of z(q)?
2, 3
Let y(t) = -t**3 + 8*t**2 + 8*t + 11. Let r be ((-2)/4)/((-2)/36). Let n be y(r). What are the prime factors of 9 + (-8 + n)/3?
7
Let m(a) = 2*a. Let k be m(6). Let o be (-9)/(((-3)/k)/1). Let c = -26 + o. List the prime factors of c.
2, 5
Let b = 7 + -1. Suppose 5*v - 20 = 0, -g + b*g + 5*v = 90. What are the prime factors of g?
2, 7
Let x(s) = -51*s**3 - 2*s**2 + s + 2. List the prime factors of x(-1).
2, 5
Let v(c) = 2*c**2 - 5. Let q be v(6). Let h = -30 + q. Suppose 4*j + j - h = -2*o, o + 3*j - 20 = 0. List the prime factors of o.
11
Suppose -4 = -a - 0*a. List the prime factors of a.
2
Let f(b) = b**3 - 2*b**2 + 1. List the prime factors of f(3).
2, 5
Let v be (-2)/(-1 - 74/(-70)). Let d = -12 - v. List the prime factors of d.
23
Let i(w) = -24*w**3 - w + 19*w**3 - 23*w**3. What are the prime factors of i(-1)?
29
Let c(z) = -z**3 - 5*z**2 - z + 3. Let x be c(-4). Let d = -4 - x. What are the prime factors of ((-3)/d)/((-1)/25)?
3, 5
Let k(a) = -a**3 + 4*a**2 + 5*a + 7. Let m(w) = -w**3 - 7*w**2 - 6*w + 5. Let i be m(-6). List the prime factors of k(i).
7
Suppose -5*y = -2*t - 5, t - 15 = -t + y. What are the prime factors of t?
2, 5
Suppose -y = 3*b - 8 - 68, -4*y + 5*b = -321. What are the prime factors of y?
79
Let m(l) = 2*l - 8. Suppose -6 - 3 = -k. List the prime factors of m(k).
2, 5
Suppose 9*d - 11*d = -582. List the prime factors of d.
3, 97
Let t = 15 - -70. Let g = -61 + t. List the prime factors of g.
2, 3
Let a(o) = -o + 2. Let m be a(2). Suppose -u + 5 + 0 = m. What are the prime factors of (24/20)/(2/u)?
3
Let k(p) = 3*p. Let z be k(3). Suppose 5*t = -25, -4*t - z + 2 = r. Suppose -m - r = -2*m. List the prime factors of m.
13
Suppose c = -4*c + 815. What are the prime factors of c?
163
Let n(x) = x**2 + 6*x - 6. Let s be n(-7). Suppose 4*h + s = 2*t + 3, -4*h = 0. What are the prime factors of 42/8 + t/4?
5
Let z(w) = -9*w + 2. Suppose -8 = 5*k + 2. What are the prime factors of z(k)?
2, 5
Let c = -3 - -6. Suppose -c*o = 3 - 15. What are the prime factors of o?
2
Let t be (0/(-2) - -1) + 2. Suppose -1 = -t*a + 29. What are the prime factors of a?
2, 5
Let t be (-28)/(-8) + 1/2. Suppose -2*b + 0*b + 6 = t*a, a + 11 = 2*b. Suppose -b*f + 60 = -5*i, 4*f + 3*i = -2*i + 75. List the prime factors of f.
3, 5
Suppose 2*k - 32 = -2*f, k + 46 = 5*f - 34. Suppose -5*r = f + 4, -3*r = -a + 13. Let l(q) = 19*q**2 - q + 1. What are the prime factors of l(a)?
19
Let q(k) = -257*k**3 + k**2 + k - 1. Let i be 5/2*(-2)/(-5). Let x be q(i). List the prime factors of x/(-18) - (-12)/(-54).
2, 7
Suppose -2*n = -0*n. Suppose 9*t - 4*t = n. List the prime factors of (t - -1) + 17/1.
2, 3
Suppose 1 = -o + 104. List the prime factors of o.
103
Suppose 0 = 5*m - 146 + 31. List the prime factors of m - (-4)/((-16)/(-12)).
2, 13
Suppose 10 = y - 31. Let h(j) = -j - 24. Let g be h(0). Let d = g + y. What are the prime factors of d?
17
Suppose 252 = 4*w - w. List the prime factors of w.
2, 3, 7
Suppose -2*y + 36 = 8*q - 4*q, -5*y + 54 = q. Suppose y + 32 = 3*i. What are the prime factors of i?
2, 7
Suppose -5*v + 1 = 3*b + 3, 0 = -2*v + 4. Let x be 42/b*(-14)/21. List the prime factors of x/(-21)*(-1 + -8).
3
Suppose 4*d = -x - 2*x + 16, d + 19 = 5*x. Let q = -7 + x. List the prime factors of (2 + -6)/(q/6).
2
Let o(b) = -b**3 - 8*b**2 - 6*b + 7. Let v be o(-7). Suppose -p - 2 + 5 = v. Suppose -4*k = -p - 13. What are the prime factors of k?
2
Let q = 8 - 10. What are the prime factors of -14*6/8*q?
3, 7
What are the prime factors of 2 - (-28 + -2)*1?
2
Let d = -38 - -57. What are the prime factors of d?
19
Let k be (4/(-3))/(4/6). List the prime factors of 4/(k/4 + 1).
2
Let v be (-1)/1 - 1*-4. Suppose -f + 80 = v*f. List the prime factors of f/(-6)*(-6)/1.
2, 5
Let l = 8 + -1. Suppose -2*x = 2*x - 12. Suppose 0 = -x*y + 43 - l. List the prime factors of y.
2, 3
Let w = 85 - 28. What are the prime factors of w?
3, 19
Let b be 5/3 - 2/(-6). Suppose -b*n + 12 = 4*o, o + 3 = n - 0*n. Suppose n*q = 4*g - 40, -4*g - q + 62 = g. What are the prime factors of g?
2, 3
Suppose -4*g + 412 - 38 = 2*j, 0 = g + 2*j - 86. List the prime factors of g.
2, 3
Let n = -9 + 1. Let k = 18 + n. What are the prime factors of k?
2, 5
Let l(x) = -x**3 + 10*x**2 - 11*x + 16. Let y be l(9). Suppose -3*n = -8*n + 30. What are the prime factors of (-4 + y)/((-4)/n)?
3
Let a(u) = u**2 + 6*u + 3. Let v = 11 + -18. List the prime factors of a(v).
2, 5
Suppose 7*u = 3*u. Let j(c) = c. Let l(x) = x**2 + 8. Let n(h) = j(h) + l(h). List the prime factors of n(u).
2
Suppose 0 = 3*c - 6 - 3. Suppose 4*v - 8 = -4*b, -c*v = 3*b + 2*b - 6. Suppose -40 = -v*n - 2*n. List the prime factors of n.
2, 5
Suppose -2*f + 225 = a, -4*f - 1086 = -5*a - f. List the prime factors of a.
3, 73
Let z be 0/(-5) - (-1 + -2). Suppose -4*n + q + 11 = -z*n, 5*q + 13 = -2*n. Suppose -3*a + n*a - 66 = 0. List the prime factors of a.
2, 11
Let l = 5 - 4. Let t = 14 + l. Suppose -t = -6*i + 3*i. What are the prime factors of i?
5
Suppose k + 16 = 3*k. Suppose k*h - 10 = 3*h. Suppose 14 = -j + h*j. List the prime factors of j.
2, 7
Let k be 0/(-3) - 4/(-2). Suppose -2*m - 3*w = -29, -m + k*w - 6*w + 27 = 0. List the prime factors of m.
7
Suppose -i + 5 = -q + 6*q, i = 4*q + 5. Suppose q = -5*b + 23 + 12. Suppose -3*l + 4*l - b = 0. List the prime factors of l.
7
Let n be ((-3)/4)/((-4)/144). Suppose -n = -t - 2*t. What are the prime factors of t?
3
Suppose -t + 6*t = 5. Let x = t - -2. Suppose -x*v = -4*v + 2. What are the prime factors of v?
2
Suppose 0*c + c = 3. Suppose c*n = -2*n + 595. Suppose 87 = 4*v - q, 5*q = -4*v - 2 + n. List the prime factors of v.
23
Let j(y) = -6*y**3 + y. Let g be j(-1). Suppose g*f - 6*f = -6. What are the prime factors of f?
2, 3
Let h be (-3)/(-9) + (-10)/(-6). Let p = -1 + -1. List the prime factors of h - 1/(p/2).
3
Let v = 15 + -24. Let m(i) = -i**2 - i + 14. Let p be m(0). Let j = p + v. What are the prime factors of j?
5
Suppose -2 = 4*o + 10. Let j = -4 - 2. Let d = o - j. List the prime factors of d.
3
Let m(b) = b**2 - 3. Let u be m(3). Let q = 11 - u. Let x = 16 - q. List the prime factors of x.
11
Suppose -5*i - 2*g - 3*g = -180, 4*g + 115 = 3*i. Let z be i/2 - (-2)/(-4). Let b = -9 + z. What are the prime factors of b?
3
Suppose -3*n - 15 = -5*q, 5*q - 1 - 14 = 2*n. Let g(o) = 0*o - 2 + 28*o**2 - 2*o - 26*o**2 + 4. What are the prime factors of g(q)?
2, 7
Let k(h) be the first derivative of -h**6/360 - h**5/40 + h**4/6 - 4*h**3/3 + 2. Let d(a) be the third derivative of k(a). What are the prime factors of d(-3)?
2
Suppose 3*x - 156 = 9. What are the prime factors of x?
5, 11
What are the prime factors of (6/(-2)*-1)/((-2)/(-26))?
3, 13
Suppose 4*s - 23 = 5. Let o be -2 + s/(7/6). Suppose -p + 2 = -o. List the prime factors of p.
2, 3
Let c(h) = 8*h - 63. List the prime factors of c(14).
7
Let j = 198 + -114. Let k = 137 - j. Suppose 16 = -4*z, 5*c + 2*z - 4*z = k. List the prime factors of c.
3
Let q(j) = j**3 - 4*j + 4. Let k be q(4). Suppose -b - 2*m + 59 + 1 = 0, -b + 2*m + k = 0. List the prime factors of b.
2, 7
Let j(h) = -h**3 + 6*h**2 - 6*h. Let c be j(4). Let y(f) = -f**3 + 9*f**2 - 8*f + 10. List the prime factors of y(c).
2, 5
Suppose -5*s + 71 - 18 = 4*g, 79 = 5*g + 2*s. What are the prime factors of g?
17
Let g(h) = -6*h + 6. What are the prime factors of g(-6)?
2, 3, 7
Let m be (-34)/(-9) - (-6)/27. Let r = -1 + m. What are the prime factors of r*(-2 + (-16)/(-3))?
2, 5
Let m = -249 + 379. List the prime factors of m.
2, 5, 13
Suppose u = 6*u - 110. Suppose 3*l + 4 = u. Let v = 0 + l. List the prime factors of v.
2, 3
Let v(q) = 6*q + 16. What are the prime factors of v(5)?
2, 23
Let j = 199 + -116. What are the prime factors of j?
83
Let l(g) = g + 1. Let o be l(7). Let t(p) = p**3 - 7*p**2 - 7*p - 5. What are the prime factors of t(o)?
3
Suppose 2*w = -5*l + 60, 4*l - 3*w - 15 = l. List the prime factors of l.
2, 5
Let s = -6 - -6. Suppose s*m = m - 3. List the prime factors of m.
3
Suppo